 30375329?
False
Does 30 divide 125449320?
True
Is 23048516 a multiple of 63?
False
Is 1691 a factor of 246886?
True
Does 31 divide 786261351?
False
Is 476334096 a multiple of 14?
True
Does 12 divide 4721592?
True
Is 126876354 a multiple of 3167?
True
Is 19579296 a multiple of 451?
False
Is 19 a factor of 55072152?
False
Is 230563684 a multiple of 299?
True
Is 10097 a factor of 3396649813?
False
Does 3119 divide 711444092?
False
Is 493425364 a multiple of 2654?
False
Does 1758 divide 136689774?
True
Is 104595472 a multiple of 21?
False
Is 3 a factor of 109535075?
False
Is 21304377 a multiple of 81?
True
Is 3 a factor of 13014753?
True
Is 615764975 a multiple of 207?
False
Is 4842849876 a multiple of 9?
False
Does 2 divide 287731?
False
Is 23 a factor of 16296374?
True
Does 9 divide 388370637?
True
Is 1955 a factor of 165252400?
False
Is 549393964 a multiple of 119?
True
Is 177 a factor of 41285250?
True
Is 55 a factor of 11955350?
True
Does 248 divide 7779264?
True
Does 528 divide 7448496?
True
Is 24970348 a multiple of 13?
True
Does 150 divide 45991650?
True
Is 3 a factor of 10525609?
False
Is 107054151 a multiple of 90?
False
Is 690795010 a multiple of 3658?
True
Does 13 divide 3936951?
False
Does 182 divide 156617734?
True
Does 944 divide 289806898?
False
Does 133 divide 457440595?
False
Does 3 divide 241821319?
False
Does 754 divide 1107866870?
False
Is 323642 a multiple of 81?
False
Does 319 divide 24699213?
True
Is 65265242 a multiple of 3?
False
Is 29 a factor of 51569685?
True
Is 3741 a factor of 154507041?
True
Is 1833 a factor of 228316424?
False
Is 48 a factor of 5421529?
False
Is 9 a factor of 5700194?
False
Is 5 a factor of 11752168?
False
Is 95477664 a multiple of 53?
False
Does 459 divide 1675634580?
True
Is 105966763 a multiple of 49?
True
Is 4516347525 a multiple of 6315?
False
Is 1710045077 a multiple of 13?
True
Is 696183268 a multiple of 5367?
False
Is 1619787765 a multiple of 15?
True
Is 70981749 a multiple of 207?
True
Does 5106 divide 226405146?
True
Does 7 divide 140024638?
False
Is 32 a factor of 26369792?
True
Is 462533448 a multiple of 206?
True
Is 1832 a factor of 530202680?
False
Is 70 a factor of 64977570?
True
Does 54 divide 311057982?
True
Is 13293397 a multiple of 136?
False
Does 2 divide 177519861?
False
Is 175 a factor of 26893982?
False
Is 131557166 a multiple of 1052?
False
Is 129 a factor of 55625187?
True
Does 157 divide 513763346?
True
Is 322 a factor of 905903108?
False
Is 12 a factor of 6561080?
False
Does 65 divide 11720752?
False
Is 1246556023 a multiple of 3716?
False
Does 6 divide 370054860?
True
Is 143653730 a multiple of 3?
False
Is 68 a factor of 163558764?
False
Does 4791 divide 330899997?
True
Is 25 a factor of 406010105?
False
Does 1238 divide 3504310542?
False
Does 145 divide 29613007?
False
Is 23 a factor of 270473123?
True
Is 6494225 a multiple of 2?
False
Does 39 divide 67201485?
True
Is 211 a factor of 6289488?
True
Is 115 a factor of 31489239?
False
Is 5553852 a multiple of 19?
True
Is 967086 a multiple of 133?
False
Is 1404 a factor of 4576974012?
True
Is 38874720 a multiple of 160?
True
Does 43 divide 2201127?
True
Is 3080663063 a multiple of 19567?
False
Is 73004384 a multiple of 941?
False
Is 532800385 a multiple of 336?
False
Is 273213069 a multiple of 629?
True
Does 18 divide 3239384012?
False
Is 746 a factor of 254430014?
True
Is 154697003 a multiple of 34?
False
Is 80068808 a multiple of 11?
False
Is 1544 a factor of 37717744?
False
Is 9296509 a multiple of 37?
True
Is 623 a factor of 40580772?
False
Is 683 a factor of 164722525?
True
Does 281 divide 3273163?
False
Is 3004077 a multiple of 28?
False
Is 3694708 a multiple of 13?
False
Is 21 a factor of 56132685?
True
Does 1145 divide 255900734?
False
Does 47 divide 24643114?
False
Does 708 divide 54666176?
False
Does 4 divide 19667314?
False
Does 8 divide 50566560?
True
Is 2762 a factor of 277622430?
True
Is 2070936 a multiple of 42?
True
Is 43608118 a multiple of 40?
False
Is 9 a factor of 50735196?
True
Does 855 divide 71631900?
True
Does 18 divide 282884937?
False
Is 304463940 a multiple of 5?
True
Does 469 divide 1016789186?
True
Does 482 divide 731663468?
True
Is 4720022 a multiple of 298?
True
Is 2736236648 a multiple of 50?
False
Does 184 divide 17716808?
True
Is 185029450 a multiple of 326?
True
Is 23482896 a multiple of 24?
True
Does 1495 divide 35136170?
False
Does 13 divide 137373535?
True
Is 300068147 a multiple of 302?
False
Does 23 divide 1520668974?
False
Does 40 divide 14348888?
False
Is 431429908 a multiple of 98?
True
Does 100 divide 13917100?
True
Is 851 a factor of 182727136?
False
Is 316849397 a multiple of 335?
False
Is 1697 a factor of 285880014?
True
Is 435472731 a multiple of 1173?
True
Is 83223911 a multiple of 1222?
False
Is 40 a factor of 59925657?
False
Does 1138 divide 1533893835?
False
Is 44312408 a multiple of 76?
True
Is 14375756 a multiple of 34?
False
Is 233 a factor of 68557088?
False
Is 577 a factor of 441752354?
True
Is 8113 a factor of 3040573914?
True
Is 1039 a factor of 2689369419?
True
Is 1089123853 a multiple of 23?
True
Is 299860 a multiple of 145?
True
Is 251 a factor of 375607193?
True
Does 94 divide 101642332?
False
Is 249 a factor of 34488138?
False
Is 1943 a factor of 436821128?
False
Is 36785892 a multiple of 1859?
True
Is 101 a factor of 36014782?
True
Is 100832625 a multiple of 25?
True
Is 77324730 a multiple of 1015?
True
Is 17 a factor of 37507927?
False
Does 25 divide 334973975?
True
Does 15 divide 420170800?
False
Does 1007 divide 365659826?
True
Is 70006321 a multiple of 7?
True
Is 121293907 a multiple of 17?
False
Does 21 divide 47625749?
False
Does 982 divide 110267921?
False
Is 14555021 a multiple of 7?
False
Does 3 divide 13562529?
True
Is 115707178 a multiple of 45?
False
Is 166 a factor of 121939968?
False
Is 61041780 a multiple of 36?
True
Is 18 a factor of 76846392?
True
Is 9122370 a multiple of 7905?
True
Is 20 a factor of 12837700?
True
Is 77790202 a multiple of 2297?
True
Is 238749007 a multiple of 2166?
False
Does 560 divide 32511360?
True
Is 166 a factor of 5636530?
True
Is 11 a factor of 671729377?
True
Is 5103299 a multiple of 31?
False
Is 2939161148 a multiple of 1111?
False
Does 3050 divide 3419553250?
True
Is 21 a factor of 53841845?
False
Is 39891268 a multiple of 26?
False
Is 1724 a factor of 392796302?
False
Is 2778328 a multiple of 28?
True
Is 2667 a factor of 61941816?
False
Is 746411620 a multiple of 548?
True
Does 929 divide 210112778?
False
Is 1080 a factor of 453702906?
False
Is 143722107 a multiple of 837?
True
Is 4431530 a multiple of 10?
True
Is 1949342885 a multiple of 1133?
False
Does 125 divide 55095375?
True
Is 310223589 a multiple of 27?
False
Is 301 a factor of 396822258?
False
Is 94 a factor of 135377542?
False
Does 236 divide 330520124?
True
Is 928 a factor of 65026816?
True
Does 157 divide 75925697?
False
Does 27 divide 77164437?
False
Is 1251 a factor of 423184527?
True
Is 11 a factor of 211019941?
True
Does 20 divide 45102832?
False
Is 7 a factor of 46325833?
False
Does 428 divide 19141877?
False
Is 2180 a factor of 132594852?
False
Is 712 a factor of 383359312?
True
Does 141 divide 2711194?
False
Is 2 a factor of 225788077?
False
Is 137 a factor of 131967031?
True
Does 359 divide 1330666992?
False
Does 225 divide 56797995?
False
Is 1296 a factor of 14936400?
True
Is 26 a factor of 246784698?
False
Is 6354330 a multiple of 30?
True
Does 15 divide 30812425?
False
Is 589 a factor of 85968437?
False
Does 6 divide 37612623?
False
Is 1626 a factor of 5400535?
False
Is 1608646491 a multiple of 1351?
False
Is 5077247095 a multiple of 46?
False
Does 66 divide 361637166?
True
Is 987939090 a multiple of 1011?
True
Is 32285666 a multiple of 14?
True
Does 595 divide 173106920?
True
Does 84 divide 103610724?
True
Is 23 a factor of 82936202?
False
Does 105 divide 62962725?
True
Does 6 divide 44188272?
True
Does 143 divide 25749132?
False
Does 3842 divide 623026404?
True
Is 231 a factor of 779164386?
True
Is 9 a factor of 496998594?
True
Does 11 divide 114567332?
True
Is 11 a factor of 49192539?
True
Does 2524 divide 201267651?
False
Does 9392 divide 4084139376?
True
Does 14 divide 60411050?
True
Does 2 divide 14990398?
True
Does 427 divide 45